-1
Let n(a) = 6*a - 3. Let x(p) = 5*p - 14 + 31 - 11 - 9. Let w(c) = c**3 + 10*c**2 + 8*c - 12. Let t be w(-9). Let v(h) = t*x(h) + 2*n(h). Determine v(3).
-6
Suppose 0 = -6*q + 9*q - 18. Let u be 1/((-2)/6*q/(-6)). Let h(n) be the second derivative of n**4/12 - 5*n**3/6 + 2*n**2 - n. Calculate h(u).
-2
Let g(t) = 0*t**3 + 950*t - 944*t - 2 - 8 - 5*t**3 + 6*t**2 + 18 + 6*t**3. Suppose -x - 15 = 2*x. What is g(x)?
3
Let t(o) = -o**2 - 2*o + 5. Suppose -1 = -k - 5. Let z be t(k). Let b(u) = 3*u + 9 - u**2 + 2*u**2 - 13. Calculate b(z).
-4
Let g(o) be the third derivative of 0*o - 1/6*o**3 + 0 + 50*o**2 + 1/24*o**4. Give g(-2).
-3
Let i(u) = 26*u + 33. Let g(n) = 126*n + 159. Let j(d) = 5*g(d) - 24*i(d). Give j(4).
27
Let a = 94/21 - 167/42. Let r(m) be the first derivative of 1/3*m**3 + 22 + a*m**2 - m. Determine r(3).
11
Let u = 25260 - 25244. Let j(z) = z**3 - 16*z**2 - 3*z + 57. Calculate j(u).
9
Let d(p) be the first derivative of -p**4/4 + 17*p**3/3 - 17*p**2/2 + 7*p - 45. Let y = -224 + 240. What is d(y)?
-9
Suppose -104 = -80*u + 76*u. Let d(g) = 7*g + 10*g - 1 + 7*g - u*g. Determine d(4).
-9
Let q = -1288 - -1283. Let p(y) be the third derivative of -7/6*y**3 + 0*y + 3*y**2 - 7/24*y**4 - 1/60*y**5 + 0. Calculate p(q).
3
Let v(f) = 7*f + 4*f**2 + 27412 - 54840 + 27410. Determine v(0).
-18
Let l(y) be the first derivative of y**4/4 + 5*y**3/3 - 3*y**2/2 - y - 44834. Suppose 6*x + 4*w = 4*x - 24, -5*x - 39 = 3*w. Calculate l(x).
-19
Let m(x) = x**2 + x - 2. Suppose 24*o - 136 = -10*o. Suppose 0 = 4*s + 10*i - 8*i - o, -5*s + 35 = -5*i. Determine m(s).
10
Suppose 2*x = 8*x - 18. Let r(q) = -42*q - 1 + x + 43*q. Let v(m) = -3*m. Let b(p) = -2*r(p) - v(p). What is b(-5)?
-9
Suppose -99 = c - 2*b, 2*c - 3*b + 106 + 92 = 0. Let i = c + 10. Let u = -92 - i. Let r(x) = x**2 + 3*x + 2. Determine r(u).
2
Let c(p) be the third derivative of -p**6/120 + p**5/12 + p**4/24 + 5*p**3/6 - 78*p**2. Let d = 74 + -68. What is c(d)?
-25
Let k(p) = -p**2 - 11*p - 5. Let z(x) = -12*x - 70. Let n = -169 - -164. Let a be z(n). Calculate k(a).
5
Let n(v) = -633*v - 3163. Let y be n(-5). Let a(h) = -15*h**2 - 2. Give a(y).
-62
Let k = -5 - -5. Suppose k = 5*v + 24 + 16. Let z(s) = -s**2 - 3*s - 3. Let w(i) = i**2 + 5*i + 5. Let m(a) = -3*w(a) - 2*z(a). Determine m(v).
-1
Let w(p) = 10*p - 20. Let b(m) = -3*m + 6. Let v(l) = 2*l**3 + 6*l**2 - 2. Let s be v(-3). Let y(a) = s*w(a) - 7*b(a). Suppose 2*c = -3*c - 15. What is y(c)?
-5
Suppose 2*r = -m + 10 + 7, -3*r - m = -23. Let c(l) = l**3 - 7*l**2 + 9*l - 5. Give c(r).
13
Let a(b) = -b**2 + 24*b - 125. Let j be a(8). Suppose o + j*o = o. Let c(v) = v**2 - 7. Give c(o).
-7
Let i(l) = l**2 + 3*l - 2. Let h be i(2). Suppose -42 = 2*a - h*a. Let o(j) be the third derivative of j**4/24 - 2*j**2. Determine o(a).
7
Let w(n) = -5*n**2 + 4*n - 2. Let s(c) = -8*c**2 + 8*c + c**2 + 3*c**2 - 5 - 4*c**2. Let y(v) = 3*s(v) - 5*w(v). Determine y(-5).
0
Let j(m) = -12*m**2 - 3*m + 40. Let h(v) = 31*v**2 + 7*v - 100. Let y(l) = -5*h(l) - 13*j(l). Give y(0).
-20
Let o = 6741 + -6743. Let m(p) = -p**2 - 11*p - 17. Determine m(o).
1
Let c(j) = j**2 - 22*j + 13 + 0*j**2 + 11*j. Suppose -4*f - 116 + 80 = 0. Let x be (f/5)/((-5)/25). What is c(x)?
-5
Suppose 7*d = 16*d - 3*h + 291, h - 1 = 0. Let n(u) = u**2 + 32*u - 2. Give n(d).
-2
Let g(y) = y**2 + 9*y + 7. Suppose 1417 + 767 = 7*q. Suppose 6*u - q = 45*u. What is g(u)?
-1
Let o(g) = 0*g**3 + 3*g**3 - 635880*g**2 + 635882*g**2 - 6*g. What is o(-3)?
-45
Let t(c) = -5 - c**2 - 12055*c - 21 - 3 + 12070*c. What is t(15)?
-29
Let h(x) be the first derivative of x**3/3 + x**2 + 40*x + 5229. What is h(0)?
40
Let a = 9 + -7. Let o(t) = 3 + t**2 - 26*t - 9 + 20*t + 0*t**a. Let p = 6 + 0. Give o(p).
-6
Let j(s) = -6*s - 4. Let o(u) = 5*u + 3. Let i(f) = -2*j(f) - 3*o(f). Let m(p) = -8*p - 17. Let g(b) = 3*i(b) - m(b). Give g(12).
2
Let c(n) = 3*n**3 + 8*n**2 + 39*n - 12. Let s(g) = 4*g**3 + 9*g**2 + 48*g - 14. Let l(b) = -5*c(b) + 4*s(b). Let m be ((-4)/8)/(2/(-16)). Determine l(m).
-8
Let o(i) = -8*i - 3. Let c be (5/(-3) - -2)/((-4)/(-24)). Suppose a + 3*f + 23 = 6*a, c*f - 14 = -4*a. Suppose 14*p + 38 = -a. Give o(p).
21
Let m = -1132 - -1136. Let l(i) be the second derivative of -1/20*i**5 - 13*i + i**2 + 1/2*i**m - 5/6*i**3 + 0. What is l(5)?
2
Let g(i) = -i**3 + 5*i**2 + 12*i - 13. Let y(f) = -2 - 195*f + 96*f + 100*f. Let s(t) = -g(t) + 4*y(t). Calculate s(6).
-7
Let o(w) be the first derivative of w**5/60 - w**4/24 + 4*w**3 + 3*w**2/2 - 167. Let u(x) be the third derivative of o(x). Give u(-1).
-3
Let d(v) = -4*v**3 - 1. Let a = -100 - -111. Suppose -14*n = -a - 3. Give d(n).
-5
Let b = -693 - -700. Let j(k) = -k**3 + 9*k**2 - 16*k - 3. Calculate j(b).
-17
Let t(v) = v**2 - 11*v - 132. Suppose 3*c + f - 56 = 0, 0 = -30*c + 27*c + 4*f + 46. What is t(c)?
-6
Let l(a) be the third derivative of a**4/12 + 8*a**3/3 - 105*a**2 - 2*a - 2. What is l(-4)?
8
Let i(l) = -7*l + 34. Let y be 5/((-25)/210*-7). Calculate i(y).
-8
Suppose 0 = -2*r, -56 = -4*h + 4*r - 0*r. Suppose 0 = -h*g + g + 65. Let q(t) = -6 + 2*t - t - 3*t. Determine q(g).
-16
Let s(j) = j**3 + 5*j**2 - 5*j + 6. Let n = -91 + -60. Let d = -157 - n. Determine s(d).
0
Let p(x) = 17*x**2 + 5*x - 5. Let j(m) = -34*m**2 - 11*m + 11. Let n(i) = -6*j(i) - 13*p(i). Let r = 109 + -107. Let z be 2/(2*2/r). What is n(z)?
-17
Let j(y) = -6*y + 14*y**2 - 2*y**2 + 3 - 13*y**2 - 8. Let d = 5 + -9. Give j(d).
3
Let s(x) be the third derivative of x**5/60 + x**4/4 + x**3/6 - x**2 - 6. Suppose 40 + 20 = -10*q. What is s(q)?
1
Suppose 318 = -111*h - 1347. Let p(k) be the second derivative of -k**3/6 - 8*k**2 + 14*k. Give p(h).
-1
Let r(a) be the third derivative of a**6/120 + 3*a**5/10 - a**4/12 - 7*a**3/2 + 89*a**2 - 14*a + 2. What is r(-18)?
15
Let c(m) = -14*m**3 - 8*m**2 - 7*m + 3. Let j(h) = -5*h**3 - h**2. Let t be ((-4)/(-12))/((-10)/30). Let z(y) = t*c(y) + 3*j(y). Calculate z(6).
3
Let u(o) = -2*o + 4. Suppose 58 - 28 = l. Let i be l/(-20) + (-7)/(-2). Let g be u(i). Let p(z) = z - 3. Calculate p(g).
-3
Let w(c) = -7*c. Suppose -z = -5*v - 12, -2*v = 4*z + 2*v. Let p(k) be the second derivative of k**3/6 - 5*k + 26. Let d(s) = z*p(s) + w(s). Calculate d(-2).
10
Let a be (-15)/(-12*16/128). Let t(j) = j - 11. Give t(a).
-1
Let q(g) = g**2 + 10*g - 86. Let j be (-12)/(-9)*-3 + (-132)/11. Let r be q(j). Let h(b) = b**2 - 11*b + 12. Calculate h(r).
2
Let b(n) = -n**2 + 5*n - 6. Suppose 41 = -a + 43. Let g(i) = 20*i - 8*i**a - 9*i + 9*i**2 + 14. Let w be g(-10). Determine b(w).
-2
Let c(t) be the third derivative of t**6/120 + 11*t**5/60 - 17*t**4/24 - 19*t**3/2 + t**2 + 875. Calculate c(-12).
3
Let c(f) = -f**3 + 37*f**2 - 330*f - 2. Let s be c(22). Let i(v) = 24*v + 36. Let t(j) = 5*j + 7. Let n(a) = -2*i(a) + 11*t(a). Give n(s).
-9
Let w(m) = 3*m**2 + 4*m - 3. Let s = -17 + 17. Let i = 36 + -24. Suppose 5*b = -4*q + 4*b + 7, s = 4*q - 4*b - i. Determine w(q).
17
Let y(t) = -5*t + 87*t**2 + 0*t - 5*t + 2*t - 88*t**2 + 14. Determine y(-8).
14
Let h(a) = -3*a**3 - 5*a**2 + a - 3. Let s(l) = -l**3 - 1. Let q(f) = h(f) - 4*s(f). Let k(m) = -12*m**2 + 313*m - 21. Let p be k(26). Calculate q(p).
6
Let z(j) = j**3 + 12*j**2 + 5*j + 20. Let g = -1637 + 1625. Give z(g).
-40
Let r(f) = f**3 + 18*f**2 - 35*f + 98. Suppose -9322 = -7*l - 9462. Give r(l).
-2
Suppose 0 = -5*s + 25, 91*r - 89*r - 2*s - 58 = 0. Let d(l) = l**3 - 36*l**2 + 68*l + 9. Give d(r).
9
Let g(v) = 4930 - 9874 - 3*v + 4922 + v**2. Determine g(-4).
6
Let s(h) = 5*h**3 + 32*h**2 - 13*h. Let l(v) = -14*v**3 - 90*v**2 + 40*v + 1. Let o(c) = -3*l(c) - 8*s(c). Calculate o(-8).
-3
Suppose 35*o + 24 = 31*o. Let k be (-1 - -5)/(3/o). Let t(u) = -4 + 5 - 6*u + 5*u - 4. Calculate t(k).
5
Suppose 9*x = -x + 20. Let h(c) = 6*c**x - 2 - 29*c - 19*c + 51*c. What is h(2)?
28
Let i(z) = -z**2 + 25*z + 29. Let o be i(26). Suppose -2*v + 15 = -0*v + b, -5 = v + o*b. Let n(h) = -7*h - 2*h - 1 + v*h. Calculate n(5).
4
Let i(f) = -3*f - 1 - 2*f + 4*f. Suppose -5*t + 133 = -67. Suppose -10*o = -0*o - t. Calculate i(o).
-5
Let r(n) = -10. Let f(i) = -i. Let a(o) = f(o) - r(o). Let j be a(13). Let b be 1 + -3 + 4 + j. Let p(v) = v + 1. Give p(b).
0
Let n(w) = 4*w - 165*w**3 - 24 - 30*w + 82*w**3 + 57*w**2 + 